{"id":1282,"date":"2023-10-24T01:02:15","date_gmt":"2023-10-24T01:02:15","guid":{"rendered":"https:\/\/topochart.com.br\/?page_id=1282"},"modified":"2023-12-29T14:56:16","modified_gmt":"2023-12-29T14:56:16","slug":"survey-offset","status":"publish","type":"page","link":"https:\/\/topochart.com.br\/?page_id=1282","title":{"rendered":"Survey Offset"},"content":{"rendered":"\t\t<div data-elementor-type=\"wp-page\" data-elementor-id=\"1282\" class=\"elementor elementor-1282\">\n\t\t\t\t<div class=\"elementor-element elementor-element-edcd1dc e-con-full e-flex e-con e-parent\" data-id=\"edcd1dc\" data-element_type=\"container\" data-settings=\"{&quot;background_background&quot;:&quot;classic&quot;}\">\n\t\t\t\t<div class=\"elementor-element elementor-element-4b81641 elementor-widget elementor-widget-heading\" data-id=\"4b81641\" data-element_type=\"widget\" data-widget_type=\"heading.default\">\n\t\t\t\t<div class=\"elementor-widget-container\">\n\t\t\t\t\t<h2 class=\"elementor-heading-title elementor-size-default\"><br><br><br>VESSEL OFFSETS<\/h2>\t\t\t\t<\/div>\n\t\t\t\t<\/div>\n\t\t\t\t<\/div>\n\t\t<div class=\"elementor-element elementor-element-996d016 e-flex e-con-boxed e-con e-parent\" data-id=\"996d016\" data-element_type=\"container\">\n\t\t\t\t\t<div class=\"e-con-inner\">\n\t\t\t\t<div class=\"elementor-element elementor-element-e80124e elementor-widget elementor-widget-heading\" data-id=\"e80124e\" data-element_type=\"widget\" data-widget_type=\"heading.default\">\n\t\t\t\t<div class=\"elementor-widget-container\">\n\t\t\t\t\t<h3 class=\"elementor-heading-title elementor-size-default\">Leituras dos Afastamentos de Sensores em embarca\u00e7\u00f5es<\/h3>\t\t\t\t<\/div>\n\t\t\t\t<\/div>\n\t\t\t\t\t<\/div>\n\t\t\t\t<\/div>\n\t\t<div class=\"elementor-element elementor-element-54794c6 e-flex e-con-boxed e-con e-parent\" data-id=\"54794c6\" data-element_type=\"container\">\n\t\t\t\t\t<div class=\"e-con-inner\">\n\t\t<div class=\"elementor-element elementor-element-eac5b19 e-con-full e-flex e-con e-child\" data-id=\"eac5b19\" data-element_type=\"container\">\n\t\t\t\t<div class=\"elementor-element elementor-element-7d5071b elementor-widget elementor-widget-text-editor\" data-id=\"7d5071b\" data-element_type=\"widget\" data-widget_type=\"text-editor.default\">\n\t\t\t\t<div class=\"elementor-widget-container\">\n\t\t\t\t\t\t\t\t\t<p class=\"MsoNormal\">\u00a0<\/p><p><strong><span style=\"font-style: inherit; text-align: var(--text-align); background-color: var(--ast-global-color-4); color: var(--ast-global-color-3);\">The Lever Arm Measurements<\/span><span style=\"font-style: inherit; text-align: var(--text-align); background-color: var(--ast-global-color-4); color: var(--ast-global-color-3);\">\u00a0<\/span><\/strong><\/p><p><span style=\"font-style: inherit; font-weight: inherit; text-align: var(--text-align); background-color: var(--ast-global-color-4); color: var(--ast-global-color-3);\">\u00c9 de grande relev\u00e2ncia saber com exatid\u00e3o, quais s\u00e3o as dist\u00e2ncias de cada componente (sensor) quando fixado em uma embarca\u00e7\u00e3o de pesquisa . Informa\u00e7\u00f5es produzidas, exclusivas, por sua posi\u00e7\u00e3o, e relev\u00e2ncia para cada classifica\u00e7\u00e3o de dados oriundos desses sensores, a qualidade de como as dist\u00e2ncias foram produzidas \u00e9 marco inicial.<\/span><\/p><p class=\"MsoNormal\">Sensores de leitura hidrogr\u00e1fica, batim\u00e9trica, ou oceanogr\u00e1fica mant\u00e9m seus sensores posicionados em \u00a0pontos conhecidos dentro da embarca\u00e7\u00e3o e dever\u00e3o estar bem documentados, de forma a oferecer exatid\u00e3o e qualidade da info da sua posi\u00e7\u00e3o\u00a0 em uni\u00e3o com os sistemas de aquisi\u00e7\u00e3o de dados.\u00a0<\/p>\t\t\t\t\t\t\t\t<\/div>\n\t\t\t\t<\/div>\n\t\t\t\t<\/div>\n\t\t<div class=\"elementor-element elementor-element-eccd60a e-con-full e-flex e-con e-child\" data-id=\"eccd60a\" data-element_type=\"container\">\n\t\t\t\t<div class=\"elementor-element elementor-element-a2928f4 elementor-widget elementor-widget-image\" data-id=\"a2928f4\" data-element_type=\"widget\" data-widget_type=\"image.default\">\n\t\t\t\t<div class=\"elementor-widget-container\">\n\t\t\t\t\t\t\t\t\t\t\t\t\t\t\t<img fetchpriority=\"high\" decoding=\"async\" width=\"1024\" height=\"402\" src=\"https:\/\/topochart.com.br\/wp-content\/uploads\/2023\/09\/Offset-Image-002-1024x402.jpg\" class=\"attachment-large size-large wp-image-612\" alt=\"\" srcset=\"https:\/\/topochart.com.br\/wp-content\/uploads\/2023\/09\/Offset-Image-002-1024x402.jpg 1024w, https:\/\/topochart.com.br\/wp-content\/uploads\/2023\/09\/Offset-Image-002-300x118.jpg 300w, https:\/\/topochart.com.br\/wp-content\/uploads\/2023\/09\/Offset-Image-002-768x301.jpg 768w, https:\/\/topochart.com.br\/wp-content\/uploads\/2023\/09\/Offset-Image-002-1536x603.jpg 1536w, https:\/\/topochart.com.br\/wp-content\/uploads\/2023\/09\/Offset-Image-002-2048x804.jpg 2048w\" sizes=\"(max-width: 1024px) 100vw, 1024px\" \/>\t\t\t\t\t\t\t\t\t\t\t\t\t\t\t<\/div>\n\t\t\t\t<\/div>\n\t\t\t\t<\/div>\n\t\t\t\t\t<\/div>\n\t\t\t\t<\/div>\n\t\t<div class=\"elementor-element elementor-element-d3cd92e e-flex e-con-boxed e-con e-parent\" data-id=\"d3cd92e\" data-element_type=\"container\">\n\t\t\t\t\t<div class=\"e-con-inner\">\n\t\t\t\t<div class=\"elementor-element elementor-element-64c19ee elementor-widget elementor-widget-text-editor\" data-id=\"64c19ee\" data-element_type=\"widget\" data-widget_type=\"text-editor.default\">\n\t\t\t\t<div class=\"elementor-widget-container\">\n\t\t\t\t\t\t\t\t\t<p>O Sistema de Refer\u00eancia Central da Embarca\u00e7\u00e3o \u00e9 o local que, quando bem escolhido, traz a refer\u00eancia de posi\u00e7\u00e3o de todos os equipamentos, estes, devidamente\u00a0 bem fixados na sua posi\u00e7\u00e3o de trabalho, montados permanentemente. As dist\u00e2ncias devem ser compreendidas e n\u00e3o pode haver o acumulo de toler\u00e2ncias das medi\u00e7\u00f5es entre esses dispositivos, bem como deve haver o conhecimento correto do local da sa\u00edda de eixos desses dispositivos, assim chamamos de \u201c offset \u201c, ou ainda survey offset.<\/p><p>O Ponto Central de Refer\u00eancia (PCR) ou Ponto de Refer\u00eancia da Embarca\u00e7\u00e3o (PRE) \u00e9 aquele ponto que o pesquisador escolhe para ser a origem da grade X e Y que definir\u00e1 a rela\u00e7\u00e3o horizontal entre todos os sensores.\u00a0\u00a0A refer\u00eancia vertical ou ponto de Z pode ser a linha d&#8217;\u00e1gua ou outra refer\u00eancia vertical l\u00f3gica.<\/p><p class=\"MsoNormal\">Geralmente, o PCR corresponde ao centro de gravidade ou rota\u00e7\u00e3o da embarca\u00e7\u00e3o.\u00a0\u00a0Todos os sensores devem ter sua rela\u00e7\u00e3o f\u00edsica entre si medida e inseridas no software de coleta de dados ou no software de processamento.\u00a0\u00a0 Todos as dist\u00e2ncias, entre sensores, s\u00e3o definidas por um deslocamento X, Y e Z a partir de um ponto de refer\u00eancia (PCR).<\/p><p class=\"MsoNormal\">Na maioria dos softwares de pesquisa, o eixo X \u00e9 executado de forma atrativa, ou seja, de lado de Boreste\u00a0 \u00a0a \u00a0Bombordo.\u00a0\u00a0 O eixo Y corre alinhado de proa \u00e0 popa (alguns softwares podem inverter esses eixos). O eixo Z percorre perpendicularmente a refer\u00eancia.\u00a0\u00a0A origem est\u00e1 geralmente localizada no centro de gravidade ou centro de rota\u00e7\u00e3o da embarca\u00e7\u00e3o.\u00a0\u00a0A conven\u00e7\u00e3o do sinal \u00e9 padr\u00e3o para um plano cartesiano, traduzido para uma embarca\u00e7\u00e3o sendo: estibordo do ponto de refer\u00eancia \u00e9 positivo, frente do ponto de refer\u00eancia \u00e9 positivo.\u00a0\u00a0O sinal para Z pode ser diferente, dependendo do software de coleta ou processamento de dados.<\/p>\t\t\t\t\t\t\t\t<\/div>\n\t\t\t\t<\/div>\n\t\t\t\t<div class=\"elementor-element elementor-element-3dd554b elementor-widget elementor-widget-text-editor\" data-id=\"3dd554b\" data-element_type=\"widget\" data-widget_type=\"text-editor.default\">\n\t\t\t\t<div class=\"elementor-widget-container\">\n\t\t\t\t\t\t\t\t\t<p>Para efeito de melhores condi\u00e7\u00f5es de leitura dessas dist\u00e2ncias, a embarca\u00e7\u00e3o dever\u00e1 ser posicionada (docada a seco) em um suporte r\u00edgido para que possa ser medida com muita precis\u00e3o usando equipamentos de pesquisa terrestre padr\u00e3o, como Esta\u00e7\u00f5es Totais, sendo recomendado o uso de <a href=\"https:\/\/topochart.com.br\/?page_id=150\">Esta\u00e7\u00f5es Rob\u00f3ticas<\/a>.<\/p>\t\t\t\t\t\t\t\t<\/div>\n\t\t\t\t<\/div>\n\t\t\t\t\t<\/div>\n\t\t\t\t<\/div>\n\t\t<div class=\"elementor-element elementor-element-77ad1d0 e-flex e-con-boxed e-con e-parent\" data-id=\"77ad1d0\" data-element_type=\"container\">\n\t\t\t\t\t<div class=\"e-con-inner\">\n\t\t\t\t<div class=\"elementor-element elementor-element-ec74348 elementor-widget elementor-widget-text-editor\" data-id=\"ec74348\" data-element_type=\"widget\" data-widget_type=\"text-editor.default\">\n\t\t\t\t<div class=\"elementor-widget-container\">\n\t\t\t\t\t\t\t\t\t<p class=\"MsoNormal\">Preferencialmente as medi\u00e7\u00f5es devem trazer uma dupla checagem, ou seja, \u00e9 realizado um giro de 180\u00ba vertical na luneta da esta\u00e7\u00e3o e um segundo giro de outro 180 \u00e9 realizado de forma horizontal de forma que a medi\u00e7\u00e3o do sensor tenha uma segunda leitura do mesmo ponto estacionado do equipamento, havendo discrep\u00e2ncias que podem ser consideradas desprez\u00edveis com a medi\u00e7\u00e3o na dire\u00e7\u00e3o oposta realizada, assim ent\u00e3o, \u00a0os deslocamentos ser\u00e3o considerados aceit\u00e1veis.<\/p>\t\t\t\t\t\t\t\t<\/div>\n\t\t\t\t<\/div>\n\t\t\t\t\t<\/div>\n\t\t\t\t<\/div>\n\t\t<div class=\"elementor-element elementor-element-13de5fc e-flex e-con-boxed e-con e-parent\" data-id=\"13de5fc\" data-element_type=\"container\">\n\t\t\t\t\t<div class=\"e-con-inner\">\n\t\t\t\t<div class=\"elementor-element elementor-element-ab34a19 elementor-widget elementor-widget-text-editor\" data-id=\"ab34a19\" data-element_type=\"widget\" data-widget_type=\"text-editor.default\">\n\t\t\t\t<div class=\"elementor-widget-container\">\n\t\t\t\t\t\t\t\t\t<p class=\"MsoNormal\">Se houver uma pequena discord\u00e2ncia nas medidas, duas leituras (m\u00ednimo) ou mais leituras, estas leituras devem ser recalculadas em m\u00e9dia.\u00a0\u00a0Se houver uma grande discord\u00e2ncia, o processo deve ser repetido.<\/p><p class=\"MsoNormal\"><span style=\"font-style: inherit; font-weight: inherit; text-align: var(--text-align); background-color: var(--ast-global-color-4); color: var(--ast-global-color-3);\">As medi\u00e7\u00f5es do prumo vertical ou das dist\u00e2ncias em Z, s\u00e3o necess\u00e1rias.\u00a0 O prumo tamb\u00e9m permitir\u00e1 medi\u00e7\u00f5es mais precisas na dire\u00e7\u00e3o X e Y ao transp\u00f4-los de um conv\u00e9s para o outro. \u00a0Assim sendo, se a embarca\u00e7\u00e3o n\u00e3o estiver em bom estado de conserva\u00e7\u00e3o, haver\u00e1 grandes distor\u00e7\u00f5es, a posi\u00e7\u00e3o de repouso pode ser um fator de erros nas leituras.\u00a0<\/span><\/p>\t\t\t\t\t\t\t\t<\/div>\n\t\t\t\t<\/div>\n\t\t\t\t\t<\/div>\n\t\t\t\t<\/div>\n\t\t<div class=\"elementor-element elementor-element-03f7416 e-flex e-con-boxed e-con e-parent\" data-id=\"03f7416\" data-element_type=\"container\">\n\t\t\t\t\t<div class=\"e-con-inner\">\n\t\t\t\t<div class=\"elementor-element elementor-element-83445cd elementor-widget elementor-widget-text-editor\" data-id=\"83445cd\" data-element_type=\"widget\" data-widget_type=\"text-editor.default\">\n\t\t\t\t<div class=\"elementor-widget-container\">\n\t\t\t\t\t\t\t\t\t<p>Outro fator que deve ser levado em considera\u00e7\u00e3o \u00e9 a condi\u00e7\u00e3o da carga oscilante que influenciar\u00e1 no deslocamento vertical do calado da embarca\u00e7\u00e3o, pois essa dist\u00e2ncia n\u00e3o \u00e9 uma constante. O volume de combust\u00edvel a bordo e o n\u00famero de pessoas presentes ou n\u00e3o durante a leituras podem influir na posi\u00e7\u00e3o final de Z.\u00a0\u00a0<\/p><p><b>&#8220;A filosofia principal \u00e9 a determinar com maior precis\u00e3o a dist\u00e2ncia no eixo Z do sensor de leitura de profundidades diante das pr\u00f3prias profundidades obtidas.&#8221;<\/b><\/p>\t\t\t\t\t\t\t\t<\/div>\n\t\t\t\t<\/div>\n\t\t\t\t\t<\/div>\n\t\t\t\t<\/div>\n\t\t<div class=\"elementor-element elementor-element-d28b4ac e-flex e-con-boxed e-con e-parent\" data-id=\"d28b4ac\" data-element_type=\"container\">\n\t\t\t\t\t<div class=\"e-con-inner\">\n\t\t\t\t<div class=\"elementor-element elementor-element-260e5e3 elementor-widget elementor-widget-text-editor\" data-id=\"260e5e3\" data-element_type=\"widget\" data-widget_type=\"text-editor.default\">\n\t\t\t\t<div class=\"elementor-widget-container\">\n\t\t\t\t\t\t\t\t\t<p class=\"MsoNormal\">As dist\u00e2ncias no plano X e Y permanecem as mesmas sempre, levando em conta que os sensores est\u00e3o fixados e n\u00e3o sofrem deslocamentos, entretanto, o eixo Z n\u00e3o mantem sua posi\u00e7\u00e3o completamente fixa a depender do consumo de combust\u00edvel e de outros fatores como o consume de \u00e1gua e a \u00e1gua presente ou n\u00e3o nos por\u00f5es da embarca\u00e7\u00e3o. Uma marca\u00e7\u00e3o de refer\u00eancia deve ser posicionada na haste, informando a dist\u00e2ncia entre o eixo do sensor de leitura de profundidade e um ponto a ser escolhido. Ap\u00f3s um per\u00edodo de levantamento hidrogr\u00e1fico essas dist\u00e2ncias devem ser lidas novamente para saber se houve deslocamentos verticais.<\/p>\t\t\t\t\t\t\t\t<\/div>\n\t\t\t\t<\/div>\n\t\t\t\t\t<\/div>\n\t\t\t\t<\/div>\n\t\t<div class=\"elementor-element elementor-element-4eac413 e-flex e-con-boxed e-con e-parent\" data-id=\"4eac413\" data-element_type=\"container\">\n\t\t\t\t\t<div class=\"e-con-inner\">\n\t\t\t\t<div class=\"elementor-element elementor-element-86da349 elementor-widget elementor-widget-text-editor\" data-id=\"86da349\" data-element_type=\"widget\" data-widget_type=\"text-editor.default\">\n\t\t\t\t<div class=\"elementor-widget-container\">\n\t\t\t\t\t\t\t\t\t<p class=\"MsoNormal\">&nbsp;Em algumas embarca\u00e7\u00f5es \u00e9 aconselh\u00e1vel fazer\nleituras de calado durante a vistoria ou imediatamente ap\u00f3s a conclus\u00e3o do\nlevantamento, pois a altura de calado n\u00e3o \u00e9 uma constante. Todas as informa\u00e7\u00f5es\nde deslocamento devem manter um registro em conjunto com as atividades\ndesenvolvidas do levantamento.&nbsp;<o:p><\/o:p><\/p>\t\t\t\t\t\t\t\t<\/div>\n\t\t\t\t<\/div>\n\t\t\t\t\t<\/div>\n\t\t\t\t<\/div>\n\t\t\t\t<\/div>\n\t\t","protected":false},"excerpt":{"rendered":"<p>VESSEL OFFSETS Leituras dos Afastamentos de Sensores em embarca\u00e7\u00f5es \u00a0 The Lever Arm Measurements\u00a0 \u00c9 de grande relev\u00e2ncia saber com exatid\u00e3o, quais s\u00e3o as dist\u00e2ncias de cada componente (sensor) quando fixado em uma embarca\u00e7\u00e3o de pesquisa . Informa\u00e7\u00f5es produzidas, exclusivas, por sua posi\u00e7\u00e3o, e relev\u00e2ncia para cada classifica\u00e7\u00e3o de dados oriundos desses sensores, a qualidade [&hellip;]<\/p>\n","protected":false},"author":2,"featured_media":0,"parent":6,"menu_order":0,"comment_status":"closed","ping_status":"closed","template":"","meta":{"site-sidebar-layout":"no-sidebar","site-content-layout":"page-builder","ast-site-content-layout":"full-width-container","site-content-style":"default","site-sidebar-style":"default","ast-global-header-display":"","ast-banner-title-visibility":"","ast-main-header-display":"","ast-hfb-above-header-display":"","ast-hfb-below-header-display":"","ast-hfb-mobile-header-display":"","site-post-title":"disabled","ast-breadcrumbs-content":"","ast-featured-img":"disabled","footer-sml-layout":"","theme-transparent-header-meta":"","adv-header-id-meta":"","stick-header-meta":"","header-above-stick-meta":"","header-main-stick-meta":"","header-below-stick-meta":"","astra-migrate-meta-layouts":"set","ast-page-background-enabled":"default","ast-page-background-meta":{"desktop":{"background-color":"","background-image":"","background-repeat":"repeat","background-position":"center center","background-size":"auto","background-attachment":"scroll","background-type":"","background-media":"","overlay-type":"","overlay-color":"","overlay-opacity":"","overlay-gradient":""},"tablet":{"background-color":"","background-image":"","background-repeat":"repeat","background-position":"center center","background-size":"auto","background-attachment":"scroll","background-type":"","background-media":"","overlay-type":"","overlay-color":"","overlay-opacity":"","overlay-gradient":""},"mobile":{"background-color":"","background-image":"","background-repeat":"repeat","background-position":"center center","background-size":"auto","background-attachment":"scroll","background-type":"","background-media":"","overlay-type":"","overlay-color":"","overlay-opacity":"","overlay-gradient":""}},"ast-content-background-meta":{"desktop":{"background-color":"var(--ast-global-color-5)","background-image":"","background-repeat":"repeat","background-position":"center center","background-size":"auto","background-attachment":"scroll","background-type":"","background-media":"","overlay-type":"","overlay-color":"","overlay-opacity":"","overlay-gradient":""},"tablet":{"background-color":"var(--ast-global-color-5)","background-image":"","background-repeat":"repeat","background-position":"center center","background-size":"auto","background-attachment":"scroll","background-type":"","background-media":"","overlay-type":"","overlay-color":"","overlay-opacity":"","overlay-gradient":""},"mobile":{"background-color":"var(--ast-global-color-5)","background-image":"","background-repeat":"repeat","background-position":"center center","background-size":"auto","background-attachment":"scroll","background-type":"","background-media":"","overlay-type":"","overlay-color":"","overlay-opacity":"","overlay-gradient":""}},"footnotes":""},"class_list":["post-1282","page","type-page","status-publish","hentry"],"_links":{"self":[{"href":"https:\/\/topochart.com.br\/index.php?rest_route=\/wp\/v2\/pages\/1282","targetHints":{"allow":["GET"]}}],"collection":[{"href":"https:\/\/topochart.com.br\/index.php?rest_route=\/wp\/v2\/pages"}],"about":[{"href":"https:\/\/topochart.com.br\/index.php?rest_route=\/wp\/v2\/types\/page"}],"author":[{"embeddable":true,"href":"https:\/\/topochart.com.br\/index.php?rest_route=\/wp\/v2\/users\/2"}],"replies":[{"embeddable":true,"href":"https:\/\/topochart.com.br\/index.php?rest_route=%2Fwp%2Fv2%2Fcomments&post=1282"}],"version-history":[{"count":54,"href":"https:\/\/topochart.com.br\/index.php?rest_route=\/wp\/v2\/pages\/1282\/revisions"}],"predecessor-version":[{"id":1682,"href":"https:\/\/topochart.com.br\/index.php?rest_route=\/wp\/v2\/pages\/1282\/revisions\/1682"}],"up":[{"embeddable":true,"href":"https:\/\/topochart.com.br\/index.php?rest_route=\/wp\/v2\/pages\/6"}],"wp:attachment":[{"href":"https:\/\/topochart.com.br\/index.php?rest_route=%2Fwp%2Fv2%2Fmedia&parent=1282"}],"curies":[{"name":"wp","href":"https:\/\/api.w.org\/{rel}","templated":true}]}}